*k. Calculate the remainder when i is divided by k.
21
Let k(h) = 11*h**2 - 20*h + 109. Let w(j) = j**2 + j. Let b(l) = k(l) + 3*w(l). Calculate the remainder when b(5) is divided by 47.
45
Let n = 657 - 478. Let a = -163 + n. What is the remainder when 108 is divided by a?
12
Suppose 325 = 23*i - 112. Suppose -2*x + 10 = 2*o - 6, 2*x - i = -5*o. Calculate the remainder when 22 is divided by x.
1
Suppose 5*v + 10 = 0, -853 = -4*g - 2*v + 79. Calculate the remainder when g is divided by 11.
3
Suppose -80*x + 465 + 95 = 0. Let w(l) = 3*l**2 + 2*l + 1. What is the remainder when x is divided by w(-1)?
1
Suppose 13*l + 9*l = 6732. Calculate the remainder when l is divided by 107.
92
Let q be ((-62)/(-6))/(-1*(-4)/(-732)). Let c = -955 - q. Suppose 7*d + 2*d = c. Calculate the remainder when d is divided by 22.
16
Let w(p) = 2*p**2 + 3*p - 7. Suppose 713 - 123 = 7*l - 747. Calculate the remainder when l is divided by w(-5).
23
Let p = -28586 + 31522. Calculate the remainder when p is divided by 26.
24
Suppose o + 5*n - 121 = -2*o, -n - 72 = -2*o. Suppose -7*k - 2 = -o. Calculate the remainder when 13 is divided by k.
3
Let q(d) = 5*d**2 - 29*d + 175. Calculate the remainder when q(5) is divided by 46.
17
Let t = 128 + -73. Suppose 3*h + 10*j - t = 6*j, -2*h + 4*j = -30. What is the remainder when 60 is divided by h?
9
Suppose -21*x = 1302 - 1575. What is the remainder when 324 is divided by x?
12
Let c = 12272 - 11828. Calculate the remainder when c is divided by 172.
100
Suppose 0 = t - 2*j + 42 - 254, 2*j = 6*t - 1312. Calculate the remainder when t is divided by 97.
26
Let y = -36 - -68. Let h(j) = 16*j + 189. Calculate the remainder when h(-8) is divided by y.
29
Suppose -5*s - 213 = -4*u, 0 = -3*u + 3*s + 106 + 53. Let h = -50 + u. Suppose 3*x - 2*x = -3*w + 29, 6 = h*w. What is the remainder when 55 is divided by x?
15
Let m = 7684 - 7619. Calculate the remainder when 233 is divided by m.
38
Let y be 3/33 + 5022/297. Suppose 423 = 4*v - r, y*v - 422 = 13*v + 2*r. Calculate the remainder when 633 is divided by v.
103
Suppose -3*k - 27 = -15. Let r(v) = 30*v**2 - 4*v - 38. Calculate the remainder when r(k) is divided by 77.
73
Suppose -2*n - 2*o + 1100 = 0, 22*o = -5*n + 21*o + 2774. What is the remainder when n is divided by 199?
158
Let c = 161 + -113. Suppose -5*o - 3*h = -212, 0 = -o - h - h + c. What is the remainder when o is divided by 16?
8
Let t(w) = 2*w**3 + w**2 - 7*w - 8. Let f(z) = z**2 - 2*z - 2. Let x(n) = 4*f(n) - t(n). Calculate the remainder when 298 is divided by x(-2).
28
Let t = -3 + -3. Let n(d) = -9*d + 1. Let j(x) = -2*x**2 + 249*x - 4975. Calculate the remainder when j(98) is divided by n(t).
54
Suppose -3*n + 1188 = 3*x + 93, n + 5*x = 389. Calculate the remainder when n is divided by 26.
21
Let t(c) = -2*c**3 - 7*c**2 + c + 4. Let k be t(-7). Let r = -248 + k. Let h(n) = n**3 - 2*n**2 + n + 4. Calculate the remainder when r is divided by h(3).
12
Suppose -270*y + 13321 = -6119. Let q = -509 + 720. What is the remainder when q is divided by y?
67
Let n = -130 - -134. Let a be (n + (-2 - 3/(-1)))*1. Suppose -4*l + a*c = -217, 0 = -4*c - 11 - 9. What is the remainder when 286 is divided by l?
46
Let q = 34966 + -34950. Calculate the remainder when (15*-2)/(1/(-1)) is divided by q.
14
Suppose m = -5*t + 602, -42*t - 351 = -45*t - 4*m. Let q be 620/(-6) - 2/(-6). Let r = q + t. What is the remainder when 62 is divided by r?
8
Suppose 0 = 11*s - 6*s. Suppose 11 = i - s*i. Let y = i + -2. Calculate the remainder when y is divided by 7.
2
Let v be 1/5 - 6444/45. Let l = 41 - v. What is the remainder when l is divided by 38?
32
Let g(b) = -56*b - 60. Let n be g(-7). Let x = n + -309. Let j(q) = -q**3 + q**2 - q + 8. Calculate the remainder when x is divided by j(0).
7
Let r(f) = 7*f**2 + 82*f + 95. Calculate the remainder when r(-16) is divided by 12.
11
Let o(i) = i**3 - 10*i**2 + 13*i - 8. Let n be (-30)/18*(-9)/5. Suppose h + c = -0*h + 14, -5*c - 2 = -n*h. What is the remainder when o(h) is divided by 15?
13
Let s = 5041 + -4984. What is the remainder when 10884 is divided by s?
54
Let o(d) be the third derivative of -d**5/60 - 7*d**4/12 - 14*d**3/3 - 1156*d**2. Let u be 35/(-3) + 2/3. What is the remainder when o(u) is divided by 2?
1
Suppose 10*i = -2*l + 9*i + 14436, -7238 = -l - 3*i. Calculate the remainder when l is divided by 22.
20
Suppose -q + 8 = 3*o - 12, 4*q = -3*o + 8. Suppose 206 = 2*a + 2*c, c + 570 - 173 = 4*a. Calculate the remainder when a*(2 - 12/o) is divided by 15.
5
Let v = 9657 + -9240. Calculate the remainder when v is divided by 188.
41
Let n(o) = -11*o - 45. Let m be n(6). Let g = 230 + m. Calculate the remainder when g is divided by 5.
4
Let u(w) = 2*w + 48. Suppose 0 = 26*f - 20 + 228. Calculate the remainder when 183 is divided by u(f).
23
Let k = 298 - 203. Suppose 2*s + m - k = 71, 2*s = 5*m + 190. Let l = -43 + s. Calculate the remainder when l is divided by 22.
20
Calculate the remainder when 145408/426 + (-5)/(-3) is divided by 115.
113
Suppose -t + 4*g + 11 = -g, -3*g + 21 = 4*t. Suppose -2*f - f = -0*f - 1638. Suppose l + t*l = f. What is the remainder when l is divided by 20?
18
Let y(u) = -u + 117. Let i be y(-26). Let m = i + -71. Calculate the remainder when m is divided by 25.
22
Let t(k) = -6*k**3 + 2*k**2 - 6*k + 5. Let u be t(1). Calculate the remainder when ((-215)/(-20))/((-2)/(-40)) + u is divided by 53.
51
Let q be (-2955)/(-120) - (-6)/16. Let x = q - 21. What is the remainder when 18 is divided by x*(-1)/(-4) + 4?
3
What is the remainder when (-4)/26 + 3566/26 is divided by (-1)/(7/805*-5)?
22
Let d = 24 - 7. Let p(y) = -y**2 - 50*y + 1088. Calculate the remainder when p(13) is divided by d.
14
What is the remainder when 123/5*(-960)/(-144) is divided by 25?
14
Let f = -1202 - -1324. Calculate the remainder when 243 is divided by f.
121
Suppose 4*n + 39*n - 448 = 11*n. Calculate the remainder when 1077 is divided by n.
13
Suppose 0 = 9*f - 13*f + 36. Suppose 26*z - f*z = 1802. Suppose 4*l = 2*l + 54. Calculate the remainder when z is divided by l.
25
Suppose 94915 + 304891 = 34*n. Calculate the remainder when n is divided by 120.
119
Let p(h) = 178*h + 24. Calculate the remainder when 4071 is divided by p(0).
15
What is the remainder when 92/230 - 46676/(-10) is divided by 19?
13
Let s = 13634 - 13594. Let y = -6 + 10. Suppose 0 = -b - 1, 4*w - y*b - 87 = -5*b. What is the remainder when s is divided by w?
18
Suppose h = 3*h - 4*y - 460, 5*h - 1135 = 5*y. What is the remainder when h is divided by 3*(-3 - 34/(-3))?
24
What is the remainder when (3077/51)/((-4)/(-108)*9) is divided by 31?
26
Let k = -2021 + 3454. What is the remainder when k is divided by 32?
25
Suppose 33847 - 8902 = 5*n + 5*v, 5*v = 2*n - 9915. What is the remainder when n is divided by 33?
30
Let v = 996 + -714. Let n(s) = -17*s - 15. What is the remainder when v is divided by n(-2)?
16
Suppose 4*l - 115 = 33. Let p = 7859 + -7754. Calculate the remainder when p is divided by l.
31
Let r(t) be the second derivative of -t**5/20 + 2*t**4/3 + 5*t**3/6 - 3*t**2 + 22*t + 1. Calculate the remainder when r(8) is divided by 13.
8
Let v(t) = -120*t - 1044. Calculate the remainder when 165 is divided by v(-9).
21
Let r = 167 + -185. Calculate the remainder when ((924/r)/(-11))/(4/30) is divided by 18.
17
Suppose 10*p = -5*p + 315. Let m = 3 - 1. Suppose w + 0*w - 23 = 4*a, -w + m*a = -17. What is the remainder when p is divided by w?
10
Let q(o) = 120*o - 2375. What is the remainder when 4419 is divided by q(20)?
19
Suppose 8*c + 14*c + 4*c - 1560 = 0. Let h = -239 - -417. Calculate the remainder when h is divided by c.
58
Let c = 1 - 0. Suppose -3*a + 4*s = -104 - 192, -4*s = 4*a - 488. Calculate the remainder when a is divided by 30 - c/(-2)*-2.
25
Suppose -28*m = 24*m - 7644. Calculate the remainder when m is divided by 31.
23
Suppose 4*l = 13 + 7. Suppose -15 = 3*q, -5*g = l*q - q - 5. Suppose 3*v = -g*d + 171, -2*v + 6*v - 107 = -3*d. What is the remainder when 96 is divided by d?
30
Let d(x) = -x**3 + 6*x**2 - 2*x - 1. Let g(u) = -114*u - 42. Let v be g(-4). Suppose -v - 144 = -18*w. Calculate the remainder when w is divided by d(2).
9
Let c be -1*1 + (42 - (6 + 3)). Suppose -31*s - 154 = -c*s. Calculate 